257739. Determine t(-8).
5
Let n(m) = -m**2 + 268*m + 8611. Give n(-29).
-2
Let d(n) = n**2 + 765*n + 21348. Determine d(-736).
4
Let t(f) = f**3 - 506*f**2 - 35226*f - 635. What is t(-62)?
-15
Let i(u) = -u**3 + 165*u**2 - 4911*u - 298. Give i(126).
80
Let g(j) = -j**3 - 23*j**2 + 294*j - 2129. Give g(-34).
591
Let n(d) = 2*d**3 + 119*d**2 + 885*d - 70. Calculate n(-9).
146
Let n(z) = -2812*z - 168564. Calculate n(-60).
156
Let g(i) = -70924*i - 1347546. What is g(-19)?
10
Let l(c) = -2400*c - 2395. What is l(-1)?
5
Let c(s) = 37*s**2 - 2922*s + 2762. Calculate c(78).
-46
Let m(f) = 18*f**2 - 144*f + 104. Give m(7).
-22
Let y(g) = -25454*g - 3105376. Give y(-122).
12
Let q(n) = -5*n**3 - 13*n**2 + 24902*n + 74706. What is q(-3)?
18
Let m(w) = -2*w**2 + 160*w - 2172. Determine m(64).
-124
Let x(h) = -191*h + 2415. Determine x(13).
-68
Let s(c) = -1230*c - 1777. Determine s(-2).
683
Let p(t) = t**3 + 5*t**2 - 13*t - 818. Give p(0).
-818
Let i(j) = -2253*j - 47243. What is i(-21)?
70
Let t(m) = -2*m**2 - 196*m - 1825. Determine t(-9).
-223
Let x(f) = 185983*f - 1859749. Calculate x(10).
81
Let a(t) = 15150*t - 196871. Calculate a(13).
79
Let m(u) = -16*u**2 - 574*u - 1182. What is m(-2)?
-98
Let a(m) = 3*m**3 - 214*m**2 - 889*m - 21. What is a(-4)?
-81
Let i(y) = y**3 + 8*y**2 - 2785*y + 9385. Determine i(47).
-15
Let c(x) = 6495*x**3 - 32465*x**2 - 54*x + 11. Give c(5).
-9
Let w(z) = 107439*z - 6876098. Give w(64).
-2
Let k(u) = 2*u**2 + 481*u - 9860. What is k(19)?
1
Let m(h) = -h**3 + 571*h**2 - 6719*h + 6032. Give m(559).
-117
Let g(f) = -166771*f + 500313. Calculate g(3).
0
Let k(u) = 2745*u + 82738. Calculate k(-29).
3133
Let q(h) = 13*h**2 + 1668*h + 44123. Determine q(-91).
-12
Let o(p) = 1650*p + 17713. What is o(-9)?
2863
Let w(n) = -n**3 + 148*n**2 - 434*n - 64. Calculate w(3).
-61
Let p(b) = -69*b - 128. Give p(1).
-197
Let s(h) = 286*h - 9100. Give s(52).
5772
Let v(z) = -11*z + 4195. Calculate v(303).
862
Let q(p) = -p**3 - 153*p**2 + 10918*p + 11. What is q(53)?
11
Let a(w) = 3*w**3 - 10*w**2 - 19*w - 363. Give a(0).
-363
Let g(r) = -r**2 + 198949*r - 1989352. Determine g(10).
38
Let q(r) = 325*r + 3788. What is q(-26)?
-4662
Let d(v) = -1984*v**2 + 43608*v + 870. Determine d(22).
-10
Let b(k) = 2*k**3 - 974*k**2 - 208662*k + 3889. Determine b(648).
1
Let s(j) = 190*j**2 - 3135*j - 3307. Calculate s(-1).
18
Let f(a) = a**3 - a**2 - 6072*a + 5153. Calculate f(78).
5
Let m(d) = -80*d + 1802. Calculate m(32).
-758
Let d(t) = -34*t**2 + 80*t + 18. Calculate d(2).
42
Let t(o) = 8*o**2 + 229*o + 381. What is t(-27)?
30
Let a(j) = 20*j**2 + 146*j - 1580. What is a(9)?
1354
Let s(f) = 3571*f + 1360566. Calculate s(-381).
15
Let q(j) = -6*j**2 - 2007*j - 9700. What is q(-329)?
1157
Let j(y) = 977*y + 1242. Calculate j(-3).
-1689
Let z(k) = -65*k**2 + 1215*k + 1231. Give z(20).
-469
Let k(m) = 51*m**2 + 377*m - 4343. Give k(11).
5975
Let l(u) = 2647*u - 386308. Calculate l(146).
154
Let p(v) = 5*v**2 + 3428*v + 187683. Determine p(-60).
3
Let s(r) = 2*r**3 + 16*r**2 - 1663*r - 11751. Give s(-7).
-12
Let c(b) = 23841*b + 4172172. Determine c(-175).
-3
Let w(k) = -29*k**2 - 481*k - 356. Give w(-16).
-84
Let f(r) = 335*r + 8046. Determine f(-22).
676
Let d(n) = 2*n**2 + 87*n + 460. Calculate d(-11).
-255
Let r(c) = -3077*c + 261457. Give r(85).
-88
Let w(t) = -2*t**3 + 275*t**2 - 82*t - 7533. Determine w(137).
2
Let o(h) = 2025*h + 36465. Give o(-18).
15
Let k(j) = 1080*j - 7350. Determine k(7).
210
Let q(t) = 471*t - 74831. Give q(159).
58
Let j(x) = -5771*x**2 + 80789*x + 6. Determine j(14).
-64
Let p(z) = -z**3 + 262*z**2 - 255*z - 1427. Give p(261).
139
Let p(y) = 20*y**3 + 164*y**2 - 139*y - 1212. Calculate p(-8).
156
Let t(s) = -348*s**2 + 16013*s - 247. What is t(46)?
-17
Let f(c) = 216*c**3 + c**2 - 6*c + 5. Determine f(-2).
-1707
Let s(g) = 27309*g + 546236. What is s(-20)?
56
Let q(x) = 81955*x - 245852. Determine q(3).
13
Let n(d) = -1401*d - 141511. Calculate n(-101).
-10
Let a(y) = 2*y**2 - 1362*y + 201375. What is a(464)?
-1
Let w(t) = -t**3 + 22*t**2 + 209*t - 1158. Calculate w(28).
-10
Let s(h) = 255*h**2 + 875*h - 90. Calculate s(-4).
490
Let l(i) = 59784*i - 1554374. Give l(26).
10
Let l(m) = 100*m**2 + 823*m - 1708. What is l(-10)?
62
Let p(a) = 226*a + 12758. What is p(-53)?
780
Let v(d) = -d**2 - 272*d - 18524. Determine v(-125).
-149
Let p(u) = 61*u**3 + 806*u**2 - 65*u + 13. Determine p(-13).
3055
Let r(x) = -3*x**3 + 2891*x**2 + 287*x + 652607. What is r(964)?
-21
Let u(a) = -11*a**3 + 800*a**2 + 212*a + 533. Calculate u(73).
22
Let q(r) = 45*r**2 + 1297*r - 7. Give q(-28).
-1043
Let c(x) = -318650*x - 955908. What is c(-3)?
42
Let d(k) = 3*k - 1469. What is d(-19)?
-1526
Let b(l) = 17*l**3 + 38*l**2 + 15*l + 115. Determine b(-6).
-2279
Let c(k) = -5*k**3 + 166*k**2 + 11*k - 1490. Calculate c(33).
-38
Let t(i) = i**2 - 87*i + 1551. What is t(44)?
-341
Let a(o) = 35*o**3 - 2128*o**2 - 461*o + 2036. What is a(61)?
-38
Let v(z) = 780*z**2 - 3611*z - 1440. Calculate v(5).
5
Let k(s) = -s**3 - 69*s**2 + 7734*s + 126. Calculate k(-129).
900
Let u(x) = -2*x**3 + 17*x**2 - 27*x + 289. Determine u(10).
-281
Let q(z) = 11260*z + 4323843. What is q(-384)?
3
Let p(l) = 2*l**3 + 3*l**2 + 69*l + 638. What is p(-7)?
-384
Let z(o) = o**2 - 7773*o + 217077. What is z(28)?
217
Let v(c) = 2*c**3 + 19*c**2 + 742*c + 5733. What is v(-8)?
-11
Let p(d) = -1631*d**2 - 495*d + 498. What is p(1)?
-1628
Let u(d) = 532*d - 13306. Calculate u(23).
-1070
Let u(l) = -l**3 - 618*l**2 - 36441*l - 175. Calculate u(-66).
419
Let o(p) = 752*p + 810. Calculate o(-1).
58
Let g(r) = r**3 - 740*r**2 + 2219*r - 5890. Give g(737).
6
Let k(a) = -119*a**3 - 2*a**2 + a - 1. Calculate k(2).
-959
Let f(h) = -3*h**3 - 18*h**2 + 64*h - 92. Calculate f(5).
-597
Let t(d) = -d**3 - 23*d**2 + 306*d + 3221. Calculate t(-10).
-1139
Let t(a) = a**3 - 35*a**2 + 178*a + 1846. What is t(25)?
46
Let o(y) = 2951373*y + 5902748. What is o(-2)?
2
Let o(l) = -l**2 - 14001*l - 822606. Give o(-59).
-28
Let j(y) = 1273*y - 15291. Give j(12).
-15
Let x(w) = -3*w**3 - 96*w**2 - 431*w - 10464. Calculate x(-31).
14
Let x(g) = g**3 - 3289*g**2 + 16424*g - 8. What is x(5)?
12
Let f(g) = -1343*g + 170571. Calculate f(127).
10
Let h(r) = 23*r**3 + 86*r**2 - 66*r - 5. Calculate h(1).
38
Let x(h) = -2*h**3 + 2*h**2 + 434*h - 647. Give x(-15).
43
Let t(u) = -101870*u - 23837580. Calculate t(-234).
0
Let r(i) = 33*i**2 + 895*i - 171. Determine r(-25).
-1921
Let d(u) = 184*u**2 - 104697*u + 546. What is d(569)?
-23
Let c(b) = b**3 + 808*b + 476. What is c(0)?
476
Let x(u) = u**2 - 207*u - 2664. Determine x(211).
-1820
Let w(v) = v**3 - 395*v**2 - 96117*v - 11390. Calculate w(-170).
0
Let r(q) = 5*q**2 - 4300*q + 8595. Calculate r(2).
15
Let g(i) = 476*i - 122711. What is g(258)?
97
Let j(t) = -115*t**2 - 1093*t - 1340. Determine j(-8).
44
Let f(m) = -553*m**2 - 2596*m - 2598. Determine f(-1).
-555
Let k(v) = 660882*v + 660888. What is k(-1)?
6
Let s(u) = 2317492*u - 4634989. Give s(2).
-5
Let g(z) = -z**2 - 1554*z - 92423. Give g(-62).
81
Let l(o) = o**2 + 71*o - 1337. Give l(-88).
159
Let a(m) = 411*m**2 + 27126*m + 29. Determine a(-66).
29
Let m(c) = -6*c**2 + 50768*c + 152360. Determine m(-3).
2
Let l(c) = -7*c**2 + 111*c + 1518. Determine l(-12).
-822
Let d(a) = 35*a**2 + 722*a + 57. What is d(-19)?
-1026
Let c(m) = 2*m**2 - 2975*m - 227903. Determine c(-73).
-70
Let p(t) = -t**3 - 94*t**2 - 174*t + 903. Determine p(-92).
-17
Let z(v) = -3*v**3 + 422*v**2 + 7004*v - 2. Determine z(-15).
13
Let d(j) = -11*j**2 + 15*j + 107. What is d(4)?
-9
Let t(i) = 2*i**2 + 140*i - 2575. Determine t(-34).
-5023
Let i(y) = 2*y**3 + 100*y**2 - 1250*y - 2894. Determine i(-2).
-10
Let j(a) = 22538*a - 112770. Give j(5).
-80
Let d(z) = 4308*z - 1792130. Determine d(416).
-2
Let j(l) = l**2 + 39*l - 1361. Calculate j(30).
709
Let v(b) = -48*b**2 - 2638*b + 67618. Determine v(-74).
-18
Let k(y) = 29804*y + 60587. What is k(-2)?
979
Let l(s) = 3*s**2 + 258*s - 27535. Give l(62).
-7
Let x(i) = 3*i**2 + 413*i + 10053. What is x(-105)?
-237
Let z(f) = -16340*f + 13349794. Give z(817).
14
Let n(g) = 34*g**2 + 6665*g + 215. What is n(-196)?
19
Let r(s) = 33*s**2 + 2765*s + 13828. What is r(-5)?
828
Let i(u) = u**2 - 